3
Let z be 36 + 0/(0 - 3). Let l be ((-1)/3)/((-4)/z). Suppose 0*a - 146 = -4*y + a, l*y - 109 = a. What is the tens digit of y?
3
Let q(r) = 5*r**2 - 2*r + 1. Let j be q(1). Suppose 5*w = 4*i + 3, -j*i + 4 = -2*w - 2. Suppose -2*c - 15 = -i*c. What is the tens digit of c?
1
Let s(j) = j**3 + j**2 - j. Let y(g) = 5*g**3 - 4*g**2 - 5*g - 10. Let n(k) = -6*s(k) + y(k). What is the units digit of n(-11)?
0
Let p = -369 - -1056. What is the tens digit of p?
8
Let w be (4/14)/((-4)/(-28)). Let k(n) = 6 + 2*n**2 - 12 - 11*n - 3*n**w. What is the tens digit of k(-7)?
2
Suppose -9*n - 21*n + 73470 = 0. What is the units digit of n?
9
Let a(o) = 12*o - 46. What is the units digit of a(24)?
2
Let r(i) = -i. Let k(s) = -1. Let v(c) = -2*c - 7. Let f(n) = 6*k(n) - v(n). Let m be f(-4). What is the units digit of r(m)?
7
Suppose -5*f + 53 - 13 = 0. Suppose -3*p = -f*p + 30. Suppose -p*x + x = -d - 30, 5*x = -4*d + 55. What is the units digit of x?
7
What is the thousands digit of 10*(-10 - (-9455)/25)?
3
Let t be 3*((-24)/(-9))/4. Suppose -3*y = 3*f - 144, 0 = -5*f + t*f - 4*y + 141. What is the tens digit of f?
5
Suppose 18*d - 10117 = 2069. What is the tens digit of d?
7
What is the hundreds digit of 2522/5 - 36/(-60)?
5
Let a = -37 + 35. What is the tens digit of a/(-10) - (-18)/(-15) - -97?
9
Let o(m) = m**3 + 15*m**2 + 18*m + 12. Let n = 6 - 19. Let w be o(n). Suppose -2*v - 2 = 4, 4*v = 4*j - w. What is the units digit of j?
6
Suppose -2293*a = -2301*a + 42832. What is the hundreds digit of a?
3
Let m(l) = -l**3 - 10*l**2 - 8*l + 6. Let c be 9/6*(-9 - -3). Let a be m(c). Let x = a + 34. What is the units digit of x?
1
Suppose -l - 12*x + 7*x = -338, 0 = -3*l + 5*x + 934. What is the tens digit of l?
1
Let u be (15/10 - 2)*(0 - 10). Suppose u*y + 5*k = 95, 3*k + 15 = -5*y + 118. What is the tens digit of y?
2
Suppose -148 = 5*h + 27. Suppose -2*n = 0, -2*b + 0*n - 118 = -n. Let m = h - b. What is the tens digit of m?
2
Let g(n) = -43*n - 84. What is the units digit of g(-5)?
1
Suppose -3*m - m = -4*h - 1792, m = 4*h + 442. Let v = m - 261. What is the tens digit of v?
8
Suppose 28 = -6*g - 8. Let m(y) = y**2 + 5*y + 24. What is the tens digit of m(g)?
3
Let f = -119 - -40. Suppose -p - h - 80 = -6*p, p - h - 16 = 0. What is the units digit of f/(-6) - p/96?
3
Let s(w) = -40*w + 96. What is the thousands digit of s(-29)?
1
Let v(n) = 4*n. Let t be v(-1). Let d(g) = -g + 11. What is the tens digit of d(t)?
1
Suppose -27*l + 158 = -25*l. Suppose q - 3*v = 27, 2*q + v = 2*v + l. What is the tens digit of q?
4
Let c(g) = 462*g - 869. What is the hundreds digit of c(6)?
9
Let f(g) = 7*g**3 - 3*g**2 + g. Let r be f(1). Suppose -r*j + q + 1299 = 0, 2*j = -j + 2*q + 778. What is the tens digit of j?
6
Let v be 12*3/18*-2. Let j(q) = q**3 - q. Let m(x) = 3*x**3 + 5*x**2 - 2*x. Let a(r) = v*j(r) + m(r). What is the tens digit of a(4)?
2
Let n(p) = 13*p**2 - 6*p - 16. Let t be n(-8). Suppose t = 2*l + 6*l. What is the units digit of l?
8
Let u(d) = d**3 + 4*d**2 - d + 2. Let i be u(3). Suppose -3*w + 9 = -0*w. Suppose -i = w*x - 5*x - 3*h, 0 = 2*x - h - 78. What is the units digit of x?
7
Let d = 10 + -12. Let o be 2*(-3 - d) - 2. What is the units digit of -4 - 22*o/8?
7
Let m(i) = -i**3 + 5*i**2 - 2*i + 5. Let h be m(5). Let r be 1/h + (-186)/(-30). Suppose r*u = 2*u + 20, 2*k = -5*u + 107. What is the units digit of k?
1
Let s = -1657 + 2326. What is the tens digit of s?
6
Let k(d) = -56*d - 25. What is the hundreds digit of k(-3)?
1
Suppose 0 = 57*r - 65*r + 12288. What is the tens digit of r?
3
Suppose 12*r - 7*r = -45. Let s be (-1)/((-3)/r) - -1. What is the tens digit of (-2 - 4)*13/s?
3
Let w(c) = -4*c - 28. Let u be w(-7). Suppose 2*k + k + 4*r - 339 = u, 3*r = 2*k - 209. What is the hundreds digit of k?
1
Suppose -4 = y - 11. Let k = 3 + y. Suppose 0 = -5*a + k - 0. What is the units digit of a?
2
Let t = 496 - -123. What is the hundreds digit of t?
6
Let z(l) = 5*l - 39. Let n(d) = d - 13. Let m(h) = 7*n(h) - 2*z(h). Let f(g) = g**2 + 6*g - 4. Let s be f(-5). What is the tens digit of m(s)?
1
Let f = 759 + -249. What is the tens digit of f?
1
Suppose -1370 = 13*d - 18*d. What is the tens digit of (2 - 2) + 1 + d/2?
3
Let n be (-38)/(-8) - 2/(-8). Suppose -n*s + 1 = 16. Let z = 9 + s. What is the units digit of z?
6
Let g = -3928 + 6045. What is the tens digit of g?
1
Let c(h) = -7*h - 16. Let y = -21 - -17. Let s be c(y). Let z = s - 7. What is the units digit of z?
5
Let p = -37 - -39. What is the tens digit of (4/(-2))/(p/(-142))?
4
Suppose 2*z = -4*v + 8, 3*z = -4*v - 1 + 11. Suppose 431 = 5*y + k, z*y - 4*k + 85 = 275. Let h = -51 + y. What is the units digit of h?
6
Let l = 274 + -115. What is the units digit of l?
9
Suppose y = -3, 18 - 43 = -5*c + 5*y. Suppose 0 = c*o - 4*o + 110. What is the units digit of o?
5
Let f = -23 - -25. Suppose 0 = -f*c + 2*g + 48, -4*g + 29 = 2*c - c. What is the tens digit of c?
2
Let z = 43 + -29. Let t(h) = h**3 - 11*h**2 - 34*h - 12. What is the units digit of t(z)?
0
Suppose 18*f - 8*f = 0. Suppose -50*y + 47*y + 456 = f. What is the tens digit of y?
5
Let j be (-3 - -1)/(2/(-18)). Suppose -3*u + 22 = p - 0*u, 2*u + j = 4*p. Suppose 4*r - 5 - p = 0. What is the units digit of r?
3
What is the tens digit of (-20)/(-15)*-3*(-1 + -22)?
9
Let p = 35 - 34. What is the units digit of (p - -1) + -2 + 27/1?
7
What is the units digit of (-2 + (-18)/(-4))/(19/76)?
0
Let m = -23 + 26. Let y(x) = 3*x**2 - 5*x + 5. What is the units digit of y(m)?
7
Suppose 0 = 2*j + z - 2, 11 = 4*j + 4*z + 3. Suppose j = o + 2 - 9. What is the units digit of (-1)/o - (-282)/14?
0
Let i = 4201 + -2412. What is the thousands digit of i?
1
Let o(a) = a + 11. Let f be o(-6). Suppose 3*t - 2*h - 34 = -t, -42 = -f*t + 2*h. Let d(n) = 5*n + 19. What is the units digit of d(t)?
9
Let s = 7 - -2. Suppose 4*f + b - 24 + 5 = 0, -5*f + 17 = -b. Let h = s - f. What is the units digit of h?
5
Let n(a) = 313*a + 188. What is the tens digit of n(3)?
2
Let h(l) = -5*l**2 - 6*l - 9. Suppose -2*i = t + 16, 2*t = 3*t - 2*i - 4. Let k be h(t). Let p = -90 - k. What is the units digit of p?
3
Let j(z) = -z**3 - 5*z**2 - 2*z + 12. Let l be j(-4). Suppose l*g - 36 - 380 = 0. What is the hundreds digit of g?
1
Suppose -4*y = -3*y + 2*a - 26, 3*y = 2*a + 86. Suppose u - 6*d + 2*d = y, 0 = -5*u + d + 102. What is the units digit of u?
0
Suppose 2*x - 5340 = -4*v - 2*x, 2*x + 2674 = 2*v. What is the units digit of v?
6
Suppose h + 424 + 967 = 4*o, -o - h + 349 = 0. What is the tens digit of o?
4
Suppose -2*u - 10438 - 560 = -5*l, 8799 = 4*l - u. What is the tens digit of l?
0
Let s = -10 - -14. What is the units digit of (1620/(-50))/(s/(-10))?
1
Let b = -394 - -1044. What is the tens digit of b?
5
Suppose 5 = -i, 2*i = -3*z + 967 + 925. What is the hundreds digit of z?
6
Let f = -11 + 6. Let v(m) = 3*m + 3 + 3 + 0 + 1 + m**2. What is the units digit of v(f)?
7
Suppose 0 = -4*s - 5*i + 2283, 0 = 2*s + 2*i + 2*i - 1146. What is the hundreds digit of s?
5
Let w(g) = 45*g**2 - 18*g + 80. What is the tens digit of w(3)?
3
Suppose -2*m - 10 = -q, 6*q + 5*m = 3*q - 14. Suppose 8 = -4*i + 4*l, -q*l - 3 + 5 = -4*i. What is the units digit of i?
1
Suppose 0 = k - 2*l + 19, -4*l + 18 = -k - 5. Let m = 21 + k. Suppose 5*b = m*b - 54. What is the tens digit of b?
5
Let b(i) = 17 + 22*i - 37 - 3*i - i**2. What is the tens digit of b(15)?
4
Let p be (1 + -9)*3/(-3). Let x(q) = q**2 - 9*q + 1. Let n be x(p). What is the units digit of 1110/35 - 2/n?
2
Suppose -5*h + 3 = 2*b - 9, -2*h - 5*b = 12. Let i be (-3)/h + 98/56. What is the units digit of 7/((i - 0)*1)?
7
Let u = 78 + -39. Let m(p) = -p**2 + p + 1. Let w be m(0). Let t = w + u. What is the units digit of t?
0
Let l be (-2 - -1)*(-2)/1. Let g be (52 + 8/2)/l. Let q = g + 2. What is the tens digit of q?
3
Suppose -2*z + 15 = z. Suppose 6*l = z*l. Suppose 6*o - 15 - 27 = l. What is the units digit of o?
7
Let l = 14 + -14. Suppose l = -4*d + 193 + 191. What is the units digit of d?
6
Suppose 9*m = 4*m + 60. What is the tens digit of (-9)/24*-498 + m/(-16)?
8
Suppose -5*y + 4*y = -105. Suppose l - 4*l + y = 0. What is the tens digit of l?
3
Let o(z) = 117*z + 70. What is the units digit of o(5)?
5
Let i be (-4 - -24)*(11 -